 k(h) = 13*h. Let n be k(0). Is y(n) prime?
False
Suppose -4*u - 64 = -2*x - 2*x, 3 = -3*x. Let k be (-1)/(1/8)*(-6 - u). Let y = 275 + k. Is y composite?
True
Let v = -2143 + 4405. Suppose -v = -5*m - m. Is m prime?
False
Suppose 43*a - 48*a = 2*z - 1245171, -2*z + 1245213 = -a. Is z a composite number?
False
Let b be (5/(-15))/(3/(-18)). Is (-2617)/(-1) + 4 + b + -6 a prime number?
True
Let o(a) = -43*a**3 + 8*a**2 - 12*a - 8. Is o(-7) prime?
True
Let j(t) = -t**2 + 2*t + 7. Let f be j(5). Let s(z) = 37*z**2 - 7*z + 13. Is s(f) a composite number?
False
Suppose -39*b = -1130821 + 236278. Is b a prime number?
True
Let a(y) = 109*y - 40. Suppose -6*s - 47 - 91 = 0. Let l = 29 + s. Is a(l) prime?
False
Is (1316 + 3)/((-290)/2054 + 26/169) a composite number?
True
Let u(l) = 5577*l + 248. Is u(3) composite?
False
Let c(i) = -5*i + 37. Let q be c(7). Suppose -4*x - 1698 = -q*r, 5*x = 4*r - 2731 - 650. Is r a prime number?
True
Let y be (1 + -2 - 2)/1. Let m(c) = c**3 - 2*c**2 - 2*c - 3. Let q(a) = -33*a**3 - 3*a**2 - 7*a - 2. Let p(b) = -2*m(b) + q(b). Is p(y) prime?
True
Is -3*(10 - 118064/48) a composite number?
False
Let x = -6079 + 10271. Suppose -6*w + x = -2930. Is w a composite number?
False
Let u(x) = -2*x**3 - 5*x - x**2 + 3 + 8*x - x + 11*x**2. Let i(y) = y**3 - y**2. Let n(f) = -3*i(f) - u(f). Is n(-8) a prime number?
False
Suppose 0 = 7*s + 15 - 120. Let g(q) = -q**3 + 14*q**2 + 17*q - 21. Let c be g(s). Suppose 0 = -l + c*l - 1784. Is l a prime number?
True
Let s be (-6)/7 - (3 - 216/56). Suppose -4*w + 8667 = p, -9*p + 14*p + 5*w - 43320 = s. Is p a prime number?
True
Suppose -4*c - q + 51713 = 0, 4*c - 28332 = -4*q + 23372. Is c a composite number?
True
Let g(x) = -1000*x**3 - 45*x**2 - 19*x + 5. Is g(-6) prime?
True
Suppose -4*i = f - i - 6, -2*f + 5*i + 45 = 0. Is (293/(-6))/(f/(-90)) composite?
False
Let f(u) = 3362*u**2 - 6*u + 2. Let z(p) = 4*p + 166. Let x be z(-41). Is f(x) composite?
True
Let z(v) = 16*v**2 - 36*v + 129. Is z(20) a prime number?
False
Suppose 6*o = 10*o - f + 5, 3*f = o + 15. Suppose -31*c + 3*c + 65324 = o. Is c composite?
False
Let p = 1036106 - 534447. Is p a composite number?
False
Suppose -5*u + 490032 = 5*c - 414493, 0 = -11*u - 22. Is c a prime number?
True
Let m be (-20)/(-4) + (7 - -444). Let r = 869 - m. Is r a composite number?
True
Is 53362/4 + 5 + 108/(-24) a composite number?
True
Suppose 0 = 4*n - 22 + 6. Suppose -3*z + 5*z + 71320 = 5*p, 5*p = n*z + 142640. Is (z/10)/((-4)/2) composite?
False
Let d(j) be the third derivative of -j**6/120 - 7*j**5/60 + 5*j**4/8 - 5*j**3/2 - 15*j**2. Let b be d(-9). Is ((-818)/8)/(2 - 27/b) a prime number?
True
Suppose -5*p = a + 12, 5*a - 2*p - 2*p = 27. Suppose 5704 = 2*g - 4*l, -2*g + a*g + 3*l - 2867 = 0. Is g composite?
True
Let g = -515 + 535. Suppose -g*d + 57459 - 11279 = 0. Is d composite?
False
Let w = -2631 + 252124. Is w a prime number?
False
Let k = -53 - -45. Let l be 63/4 + k + 2/8. Suppose l = -4*o, 5*o = -3*a - 0*o + 83. Is a composite?
False
Suppose 28*y - y - 583527 = 278286. Is y prime?
False
Let m(n) = n**3 + 32*n**2 - 83*n - 488. Is m(-31) a prime number?
False
Let o be (3 + 0 + 1)*(-30)/(-8). Let v = o - -82. Is v a composite number?
False
Let s(y) = 33788*y - 1749. Is s(31) a composite number?
False
Suppose 5*q - 362 = -2*k + 89, 2*k - 442 = 4*q. Let m(n) = 36*n**2 + 104*n + 474. Let c be m(-5). Suppose k - c = -w. Is w composite?
False
Let a be (-1690)/30*3*-1. Let t(o) = -45*o. Let w be t(2). Let c = a + w. Is c composite?
False
Let m = -2974 - -4715. Let q = 2166 + m. Is q a prime number?
True
Is ((-176718)/27)/((-158)/711) a prime number?
True
Suppose 5*v + 3*j - 5472 = 0, v + 3*j = -2*v + 3282. Let z = 378 + v. Suppose 4*b - 2219 = z. Is b composite?
True
Let q be ((87/(-2))/3)/((-21)/3570). Let v = -808 + q. Is v a prime number?
True
Let p be 479/(-3) + 4/6. Let v be (-64526)/(-847) + (-2)/11. Let s = v - p. Is s a composite number?
True
Suppose 17*o + 588167 = 1829354. Is o a prime number?
False
Let i be (21*(-6)/9)/((-2)/1). Suppose 5*d - i - 13 = -5*b, -2*b - 4 = -4*d. Suppose -601 = -4*f - z, 0 = b*f + z + z - 308. Is f a composite number?
False
Let k(b) = -b + 30. Let v be k(28). Suppose -5*d + 1681 = 4*t, -2*t + 0*d = v*d - 840. Is t prime?
True
Let y(n) = n - 3*n**2 - 2 + 0*n**2 + 32*n**3 + 2*n. Let q be y(2). Let w = q - -171. Is w a prime number?
True
Let l = 836 + -184. Let f be (3 - 3/2)/((-2)/l). Is (5 + 114/(-18))/(2/f) prime?
False
Suppose -16*s = -f - 11*s + 87432, 3*f = 3*s + 262356. Is f a composite number?
True
Let q be ((-81)/12)/(3/32). Let w = -175 + q. Let d = 438 + w. Is d prime?
True
Suppose 464*i + 25 = 469*i. Let r(d) = -d**3 - d**2 + 1000. Let n be r(0). Suppose 0*b - b + i*c = -241, -4*b + 2*c + n = 0. Is b composite?
False
Let h be ((-1683)/66)/((-6)/4). Suppose 49*o - h*o - 161248 = 0. Is o prime?
True
Suppose 2*j = 6*j - 3*u - 518780, -3*u = 5*j - 648502. Is j prime?
False
Let c be (18/(-45))/((-2)/250). Suppose -o + 49338 = -c*p + 51*p, -5*p = -5*o + 246700. Is o a prime number?
True
Let g = -8 - -33. Suppose 2*y - 21*k = -g*k + 7972, 0 = 2*k. Is y a composite number?
True
Let n(c) = -7*c - 35. Let i be n(-5). Let y(h) = h**2 + 15*h + 15335. Is y(i) prime?
False
Is (-28)/((-1232)/(-2202266))*(-3 + 1) composite?
False
Suppose -642 = 2*k - 240. Let j be (-5)/20*-3 - (-5 - 1161/36). Let b = j - k. Is b a prime number?
True
Let o be (12/(-8))/(3/(-4)). Is (-3)/o*(-2691506)/69 prime?
True
Suppose -2087722 = 48*p - 3519499 - 4334031. Is p prime?
True
Is ((-12)/15)/(-14 - (-3387832)/241990) prime?
False
Let p be 3/(-6) - (0 + 18/(-4)). Is 422*(p + (-18)/12) a composite number?
True
Let u = -4109 - -4176. Suppose -4*j = 5*c + 264 - 55, 4*c + 162 = 2*j. Let g = c + u. Is g composite?
True
Let f be -9 - -18676 - (-1 + -1 + 2). Suppose 0 = 4*y - 3*p - f, -11*y - 5*p + 9327 = -9*y. Is y composite?
True
Let x(h) = -11*h**3 - 3*h**2 + 4. Let w be x(-2). Suppose -4*n - c + w = c, 16 = -4*c. Suppose -n*p - 517 = -23*p. Is p prime?
False
Suppose 34*u = 7340484 - 8031190 + 21367704. Is u a prime number?
True
Let m = 1 + -1. Let b = -4434 + 14790. Suppose m*d + 12*d = b. Is d a prime number?
True
Suppose 2673093 = 22*m + 6*m - 445519. Is m composite?
True
Let a = 4229 + 63978. Is a prime?
True
Let g(s) = -s**3 + 18*s**2 + s - 14. Suppose -3*t + 52 = -2*f, -5*t + 89 = -0*t - f. Let q be g(t). Is (1 - 267/(-4))/(q/16) a composite number?
False
Suppose -15*o = -271260 - 394005. Is o composite?
False
Let o = 14 + -8. Let n(p) = p**2 + 1. Let b(d) = -d**3 - d**2 - 2*d - 12. Let z(s) = -b(s) - 5*n(s). Is z(o) prime?
False
Let z = -472873 + 804714. Is z composite?
False
Let f(u) = -4*u - 66. Let l be f(-17). Suppose -5*p = g - 1299, 0*g + 3961 = 3*g - p. Suppose g = l*h - 455. Is h a composite number?
False
Let b(t) = 41*t - 37. Let h be (-2 - -1)/(2/(-10)). Let v be ((-27)/h)/((-9)/30). Is b(v) a composite number?
False
Suppose -159*b = -175*b + 1200848. Is b prime?
False
Suppose 0 = -3*f + 3, 2*j + 2*f = -2*f + 14782. Suppose 9852 = 4*x - 2*u, 3*x + 23*u = 20*u + j. Is x a composite number?
True
Let a(f) = -2999*f. Let x be a(-5). Let q be x/7 - (-6)/(-42). Suppose 0 = 5*u + 487 - q. Is u prime?
True
Let w(g) = 783*g - 2599. Is w(136) a prime number?
True
Let f = -12539 - -34040. Let v = 14889 + f. Suppose 0 = t - 7*t + v. Is t a prime number?
False
Let h(n) = 1351*n**2 - 12*n + 21. Let v be ((-2 - -8) + -4)/(-2) + 3. Is h(v) a composite number?
True
Suppose 63 = 6*n + 3*n. Suppose -3*u + n*u = 980. Suppose 0 = 9*x - 2*x - u. Is x a composite number?
True
Let g = 966 - 522. Suppose -y = 3*v + g, 0 = 3*v - 0*v + 2*y + 447. Let o = 494 - v. Is o a composite number?
False
Let t(h) = 4*h**2 + 26*h - 12. Let n be t(-7). Is 60504/(-48)*n*-1 a prime number?
True
Let c(g) = g**3 - 15*g**2 - 16*g - 5. Let r be c(16). Is 21*(172/30 - 3/r) prime?
False
Let s be (-3 + 8)/(-2 + 3). Let u(d) = -13*d**3 + d**2 - d - 9*d - 9*d**2 - s + d**2. Is u(-4) a prime number?
False
Let q = -60 + -16. Let x = 79 + q. Is ((-3805)/25)/(2*x/(-30)) a prime number?
True
Let o(p) = -65*p**2 + 37*p**2 - 8*p - 22 + 50*p**2. Is o(-2) a composite number?
True
Is 52786 - (14/21 - 44/12) prime?
False
Let k be 220/(-7)*(26 - 33). Suppose 225*l - 3115 = k*l.